he prime factors of k?
2, 3
What are the prime factors of 2/(-18) + (-2464)/(-63)?
3, 13
Let t = -3 + 9. Let c(a) = -a**2 + 8*a. List the prime factors of c(t).
2, 3
Let h(n) = 4*n**2 + 10*n + 6. List the prime factors of h(-6).
2, 3, 5
Suppose -2*g - 7 = -5*v + 20, 0 = 4*v - 4. Let b = g - -20. List the prime factors of b.
3
Suppose 0*a + a = -n + 3, 0 = 2*a + 2. Suppose c - 13 = -n. List the prime factors of c.
3
Suppose 2*y - 1 + 9 = -4*n, -3*y - 12 = 0. Let l(m) = -m + 7. Let q be l(0). Let u = q + n. List the prime factors of u.
7
Let c = 7 + -5. Suppose 24 = -c*a + 6*a. List the prime factors of a/(-4)*(-70)/21.
5
Suppose -3*k + 6 = -0, x + 5*k - 13 = 0. Let z(y) = 7*y - 2. Let t be z(x). Let p = t + -11. What are the prime factors of p?
2
Suppose -5*l + 2*m + 193 = 0, -4*m + 196 = 5*l - 3*m. Let v = l + -15. Suppose y - 8 - 5 = d, v = 2*y - 4*d. List the prime factors of y.
2, 7
Suppose -k - k = -4*w + 316, -w = 5*k - 68. What are the prime factors of w?
2, 3, 13
Let j = 32 - 22. Let k be 90/(-12)*(-8)/j. List the prime factors of (6 - 3) + k + 3.
2, 3
Suppose -6*x = -3*x - 9. Let y = x + -4. List the prime factors of -1 + (-9)/3*y.
2
Suppose 6 = 3*j - 18. List the prime factors of j.
2
Suppose -3*y + 23 = 3*f + 2*y, 4 = y. Let w be ((2 + 0)*-1)/(-2). List the prime factors of f/(1/3)*w.
3
Let b(d) = 4*d**3 - 5*d**3 + 4*d**2 + d - 4 + 3 + 0. Let x be b(4). What are the prime factors of 0 - x - 5/(-1)?
2
Let g = -4 + 3. Let w(l) = l**2 + l + 1. Let x be w(g). What are the prime factors of 16 - (x + -3 - 1)?
19
Let t = -3 - -6. Suppose -t*i = -i + 38. Let s = i - -31. What are the prime factors of s?
2, 3
Let r(c) = -c**2 + 7*c + 3. Let d be r(7). Suppose 3*n - 57 = -d*b, 3*b = 3*n - 5*n + 41. What are the prime factors of n?
2
Let v(w) = -w**2 + 16*w - 10. What are the prime factors of v(14)?
2, 3
Suppose 0 = 4*f - 55 - 369. List the prime factors of f.
2, 53
Suppose 6*s - s - 730 = 0. What are the prime factors of s?
2, 73
Let k be (-6)/9*60/(-5). Suppose 0 = 4*u + 2*h - h - 81, 2*h = 4*u - 78. Suppose 3*x + u = k*x. What are the prime factors of x?
2
Suppose 2*i + 43 - 195 = 0. List the prime factors of i.
2, 19
Let a(l) be the third derivative of 0*l**4 + 0 + 1/2*l**3 - 3*l**2 - 1/10*l**5 + 1/120*l**6 + 0*l. What are the prime factors of a(6)?
3
Let b(r) be the third derivative of r**5/60 - r**4/8 - r**3/3 - 3*r**2. Let a be b(4). Let l = a + 3. List the prime factors of l.
5
Suppose -6*n + 12*n - 222 = 0. List the prime factors of n.
37
Let o be 48/5*(-30)/(-9). Let k = o - 11. What are the prime factors of k?
3, 7
Let f(n) = -3*n - 2. Let p be f(-3). Let a = p + -2. Suppose a*g - 9 = 2*g. List the prime factors of g.
3
Suppose -h + 3*h = -20. Let u(g) = -g**2 - 11*g + 5. List the prime factors of u(h).
3, 5
Suppose 2*x = 9 + 3. Let t(k) = 2*k**2 - 4*k + 8. Let q be t(x). Suppose 0 = 2*i + 2*i - q. What are the prime factors of i?
2, 7
Suppose -2*q = -3*q - 9. Let r = q - -7. What are the prime factors of (1 + r + -3)/(-2)?
2
What are the prime factors of 4*-3*(-45)/30?
2, 3
Suppose -2*m - 4*d + 2*d + 18 = 0, 2*m = 3*d + 38. List the prime factors of m.
13
Suppose m + 369 = 4*m. What are the prime factors of m?
3, 41
Let w(h) = 14*h. Let t be w(1). List the prime factors of 1/(-7) + 324/t.
23
Let h be 37 - (2 + -1 + -1). Suppose -3*r + h = -2. What are the prime factors of r?
13
Suppose -g = -19 - 174. List the prime factors of g.
193
Suppose z = 3*w, -1 + 39 = 5*z + 4*w. What are the prime factors of z?
2, 3
Let g be (1 - (2 - 1))*-1. Suppose 0 = -g*i + 3*i - 48. Suppose -y + i = y. What are the prime factors of y?
2
Suppose 5*g + 5 = -0*g. Let v be g/5 + (-119)/5. Let d = 34 + v. What are the prime factors of d?
2, 5
Let n(y) = 6*y - 4. Suppose -5*h - 4*v + 23 = 8, -4*h + 3*v = -12. List the prime factors of n(h).
2, 7
Suppose 2*l - 15 = -3*l. Suppose 6*f - 54 = l*f. What are the prime factors of f?
2, 3
Let k be ((-2)/6)/(1/(-6)). Suppose 0 = 3*g + 2*r - 1, 6*g = k*g - 4*r. List the prime factors of 2*-1 - (-11 + g).
2
Let k be (1 + -2)*(0 - 5). Suppose k*y + 5 = 20. Suppose -y = -h - 1. List the prime factors of h.
2
Suppose -4*c + g + 253 = 0, 3*g + 127 = 2*c + 2*g. List the prime factors of c.
3, 7
Suppose -177 = -2*c - 47. List the prime factors of c.
5, 13
Suppose 3*b - 1057 = -4*b. List the prime factors of b.
151
Let z(u) = 4*u - 6. What are the prime factors of z(7)?
2, 11
Suppose y - 28 = -q, -y + 117 = 3*y + 3*q. What are the prime factors of y?
3, 11
Let y(g) = g**2 + 6*g + 2. Let i be y(-7). Let n(w) = w - 4. What are the prime factors of n(i)?
5
Suppose -4*f + 33 = 5*c, -2*c = 2*f + 1 - 13. Suppose -2 = -s + c. What are the prime factors of s?
11
Let s(m) be the third derivative of -2*m**2 + 0*m + 0 - 5/6*m**3 + 1/12*m**4. List the prime factors of s(6).
7
Let s(g) = 4*g**2. Let v be s(-1). Let t be ((-6)/v)/(2/(-4)). What are the prime factors of t/((-3)/(-2 + -4))?
2, 3
Let n(y) = y. Suppose -1 = -5*h + 19, 3*t = -5*h + 23. Let b(k) = -k**2 - 12*k - 3. Let g(f) = t*b(f) + 4*n(f). List the prime factors of g(-7).
2
Let w(b) = 4*b - 15. What are the prime factors of w(14)?
41
Let n = -18 - -6. List the prime factors of (n/14)/((-4)/56).
2, 3
Let x(b) = b**2 + 6*b - 4. Suppose 2*f - 3 - 7 = 0. What are the prime factors of x(f)?
3, 17
Let s(y) = -y**2 - 2*y + 7. Let j be s(-3). Suppose 4*r = -2*t + 38, -t + 2*t - j = r. What are the prime factors of t?
3
Let d(n) = -n**2 + 7*n + 4. Suppose i + 4*i = 25. Suppose 0 = -q + 4, 0*g - 26 = -g - i*q. What are the prime factors of d(g)?
2, 5
Let v = 11 - 6. Suppose -2*b = 2*u + 8, v*b + u + 2*u = -26. Let o = b - -18. What are the prime factors of o?
11
Let s = -10 - -16. Suppose 3 = 3*v + 3*h, 5*v + 4*h - 2 = s. Let f = 2 + v. List the prime factors of f.
2, 3
Let t(o) = -o**2 + 5*o - 3. Let q be t(3). Suppose -5*c = -q - 7. What are the prime factors of c?
2
Let x(m) = -m - 2. Let o be x(-6). Suppose 3*h + 3*t + 2*t = 7, -o*h = 2*t. Let w(u) = -5*u - 1. What are the prime factors of w(h)?
2
Suppose 1 = 5*a - 14. Suppose 4*q + 5*f - 121 = -0*q, -2*q = 5*f - 73. Suppose a*r + q = 5*r. List the prime factors of r.
2, 3
Let y(v) = -9*v + 1. What are the prime factors of y(-2)?
19
Suppose -4*b + 104 = -4*o, 5*b + 0*o = o + 146. What are the prime factors of b?
2, 3, 5
Let y be ((-4)/7)/(8/(-28)). Let b = y + 0. Suppose 5*l = -b*m + 4, 10 = 4*m + m - 2*l. What are the prime factors of m?
2
Suppose -3*t + 13 = -4*k + 5*k, -4 = -k. What are the prime factors of (-308)/(-11) + (t - 0)?
31
Let s = 366 + -194. What are the prime factors of s?
2, 43
Suppose 2*x + 125 = 5*p - 11, -x - 3 = 0. What are the prime factors of p?
2, 13
Let z(n) = -n + 5. Let y be z(2). Suppose 0 = 3*a - 4*a + y. What are the prime factors of a?
3
List the prime factors of 6027/24 + 1/(-8).
251
Let n(f) = f**2 - f + 50. What are the prime factors of n(0)?
2, 5
Let c(u) = u. Let d be c(-5). Let f(z) = z**3 + 5*z**2 - 4*z + 7. Let w be f(d). Let y = w + -16. What are the prime factors of y?
11
Let l(q) = -3*q - 2 + 5*q - 2. Let y be l(6). Let r = y + -4. List the prime factors of r.
2
Suppose 178 = 11*m - 9*m. List the prime factors of m.
89
Let d = 3 + -6. Let g be (-1 - (d + 0)) + -11. Let s = -4 - g. What are the prime factors of s?
5
Let p(a) = -a**3 + 7*a**2 + 6*a + 11. Let z be p(8). What are the prime factors of (-3 - -6)*z/(-3)?
5
Let w be -6*2/(-2)*-1. Let v(z) = -2*z - 6. Let x be v(w). Suppose 2*h - x*h = -44. What are the prime factors of h?
11
Let f(y) = y**2 - 13*y + 6. What are the prime factors of f(14)?
2, 5
Suppose -7*l = -3*l - 76. Suppose -l - 31 = -2*z. What are the prime factors of z?
5
Let n = 10 - 7. Let q(d) = d**2 + 3*d - 2. What are the prime factors of q(n)?
2
Let c be -1*((-126)/(-3))/(-2). Let q = c - 14. What are the prime factors of q?
7
Let g(y) = -y**3 + 8*y**2 + 2. Let h be g(8). Suppose -3 - h = -f. What are the prime factors of f?
5
Suppose 5*t + 25 = 0, -5*d + 160 = -2*t + 3*t. List the prime factors of d.
3, 11
Let k(w) = 16*w - 13*w + 6*w**2 - 4 - w**3 - 5*w. Suppose -b - b + 8 = 0. What are the prime factors of k(b)?
2, 5
Let j(l) = 125*l**2 - 4*l. List the prime factors of j(1).
11
Suppose 0 = -0*h + 4*h - 132. Let a = h - 8. What are the prime factors of a?
5
Let m 